rime factors of g?
2, 3, 5
Suppose 482470 = 21*z - 86882. List the prime factors of z.
2, 3389
Let w be 12/(-22) + (-420)/(-165). List the prime factors of w/15 + (-333569)/(-345).
967
Suppose 13471 = -18*w + 431575. What are the prime factors of w?
2, 5807
Let l(d) = 41*d + 36 - 36*d + 4 + d**2 + 21*d. List the prime factors of l(-36).
2, 5
Suppose -2*h = 4*d - 59504, 3*h - 55482 = -5*d + 18897. List the prime factors of d.
3, 19, 29
What are the prime factors of 5/4 + 93467/(-44)*-3?
2, 3187
Suppose -a + 4*i - 45 = 0, a - 345 = 6*a + 4*i. Let c be ((-26)/a)/((-2)/(-20)). Suppose 0*m - 512 = -c*m. What are the prime factors of m?
2
Suppose 0 = -4*o + 465410 + 526178. List the prime factors of (-185)/65 + 3 + o/169.
3, 163
Let n(v) = v**3 + 8*v**2 - 2*v - 80. Let k be n(-6). Suppose 4*u + 734 = 2*i - 296, -3*i + 1555 = -k*u. What are the prime factors of i?
3, 5, 7
Suppose k = -5*k. Suppose k = 3*u - 3*u - u. Suppose -5*s + 2*w = -u*s - 139, 4*s - w = 110. What are the prime factors of s?
3
Suppose 3*h - 307 = -5*r, -5*r - 213 = -3*h + 74. Let b = -92 + h. Suppose -794 = -b*l + 242. List the prime factors of l.
2, 37
Let i(q) = -26*q - 15. Let n(v) = -2. Let h(u) = i(u) - 4*n(u). List the prime factors of h(-4).
97
Let i be (-11)/(89 + -12) - (-82)/(-14). What are the prime factors of 4/i + (-15270)/(-90)?
13
Let h = -165 + 168. Let t(m) = 16*m**2 - m - 4. Let l(r) = -15*r**2 + 4. Let f(z) = 2*l(z) + 3*t(z). List the prime factors of f(h).
149
Suppose -4*o + 4 = -5*m, -3*m + 2*o + o = 3. Suppose -4*a = p - 55, -3*p + m*a = 2*a - 195. What are the prime factors of p?
67
Let b be (22/4 + -5)/((-4)/1096). Let p = b - -169. List the prime factors of p.
2
Let p(v) be the first derivative of 7*v**2 + 4/3*v**3 + 5*v - 25. List the prime factors of p(-8).
149
Suppose -84*b - 1404 = -78*b. Let m = -94 - b. What are the prime factors of m?
2, 5, 7
Let f be (3 - 51/15)/(1/20). Let o be (4/f - (-6)/(-4))*-8. Let q = o - -65. List the prime factors of q.
3
Let k(i) = 912*i - 149. List the prime factors of k(5).
11, 401
Let s = 20667 - -1322. List the prime factors of s.
11, 1999
Let t = 103485 - 57266. What are the prime factors of t?
46219
Suppose -4*g = 2*g + 2*g. Suppose 8*u - 13*u = g. Suppose u*t + 4*t = 240. What are the prime factors of t?
2, 3, 5
Suppose -2*k + 2*x = 5*x - 13, 0 = 3*x - 15. Let f be ((-2)/k)/(36/8 + -4). Suppose -f*b = -4*n - 372, -4*n - n + 123 = b. List the prime factors of b.
2, 7
Let s = -1107 + 920. Let v be 4/18 + (-12068)/36. Let t = s - v. What are the prime factors of t?
2, 37
Let t(o) = o**3 - 26*o**2 + 54*o - 53. Let c(y) = 9*y + 79. Let j be c(-6). List the prime factors of t(j).
2, 3, 7
Suppose 15*z = 87*z - 1044936. What are the prime factors of z?
23, 631
Let f be (-4)/8 + 2/((-8)/(-4698)). Suppose -d + n + 297 = 0, -4*d + n - 4*n + f = 0. What are the prime factors of d?
5, 59
Suppose 0 = -4*c + 3*o + 18, 0 = -13*c + 7*c + 2*o + 22. List the prime factors of (-9 - -21 - c) + 1127.
2, 71
Let z(m) = -m**3 - 4*m**2 + 4*m + 7803. What are the prime factors of z(0)?
3, 17
Let d(s) = 52*s - 47. Let l be d(14). Let q = 3367 + l. List the prime factors of 4/(-18) + q/72.
2, 7
Let l(v) = -v**3 + 6*v**2 - 37*v + 156. Let d be l(5). Let f(q) = -29*q + 21 + 6 - 10. List the prime factors of f(d).
7, 19
Let b(y) = -y**3 + 5*y**2 + 12*y - 15. Let u be b(6). Suppose -g + u = -0*g. List the prime factors of g.
3, 7
Let w = -135 + 135. Suppose -2*r + 135 + 593 = w. List the prime factors of r.
2, 7, 13
Let s be 114 + -116 - (0 + -1)*1. List the prime factors of (-6870)/(-18) - 4 - s/3.
2, 3, 7
Let t = 28 - 22. Suppose 3 + 15 = t*k. Suppose -2*q = -n + 3*q + 84, -k*q + 420 = 5*n. What are the prime factors of n?
2, 3, 7
Let l be (4 - 115)*1/3. Let t = l - -36. Let w(h) = 51*h**2 - 2*h - 1. What are the prime factors of w(t)?
2, 13
Let a(u) = 38 + 4*u + 3 + 1 - u. Let w be a(-11). Suppose w*b = 4*b - 4*d + 1024, 3*b = 2*d + 610. List the prime factors of b.
2, 3, 17
Let r = 101 - 137. List the prime factors of ((-135)/r)/(-2 + (-153)/(-76)).
3, 5, 19
Let w = -22 - -24. Suppose 4*b - 14 - 12 = -2*g, 0 = 4*g + w*b - 40. Suppose -k + 9 + g = 0. What are the prime factors of k?
2, 3
List the prime factors of (-8)/36 + (-2)/(324/(-7358238)).
53, 857
Let l(i) = 342*i**2 - 4*i - 88. List the prime factors of l(-7).
2, 3, 11, 23
Let z = -17444 - -29820. What are the prime factors of z?
2, 7, 13, 17
Suppose -164*x - 212*x = 69*x - 22772875. What are the prime factors of x?
5, 23, 89
Suppose -19684 = -13*w - 6*w. Let d = 1988 - w. List the prime factors of d.
2, 7, 17
Let w(s) = -5*s + 16. Let j(v) = -6*v + 15. Let k(g) = -6*j(g) + 5*w(g). List the prime factors of k(7).
67
List the prime factors of 80/100 - (-3 + 674702/(-35)).
3, 6427
Let x be 0 + (-5)/(-5) - -3. Suppose -6 = x*v + 6. List the prime factors of (-1 + (-1)/v)*(-4860)/40.
3
Let l(u) = 9*u**2 + 43*u - 11. Let q = -137 + 119. Let h(n) = n**2 + 19*n + 10. Let g be h(q). List the prime factors of l(g).
13, 17
Suppose 23*u + 17 - 86 = 0. Suppose j + 2*v - 258 = 0, -2*j + 358 = u*v - 157. What are the prime factors of j?
2
Suppose 4*y + 20 = 0, -5*w + 34*y - 33*y = 245. List the prime factors of 2*4 - 27200/w.
2, 3, 23
Suppose -5*v + 0*k + 2*k + 24 = 0, -3*v + 3*k + 18 = 0. Suppose 2*r + 7*u - 3446 = 5*u, v*r = 4*u + 6932. List the prime factors of r.
2, 3
Suppose -2*o - 2*u = -800, -o + 404 = 8*u - 3*u. Suppose 4*m = m + 5*x + 1141, m = -3*x + o. List the prime factors of m.
3, 43
Let j be 14/(-4)*(-426)/(-497). List the prime factors of j/((-36)/800)*15.
2, 5
Let y(z) = z**2 + 35*z + 184. Let o = 451 + -485. What are the prime factors of y(o)?
2, 3, 5
Suppose -46 = -4*b + s - 1479, 2*s + 1775 = -5*b. Let z = 204 + b. Let d = 302 + z. What are the prime factors of d?
149
Suppose -39453 = -168*f + 164*f - 3*m, -3*f + 3*m + 29616 = 0. What are the prime factors of f?
3, 11, 13, 23
Let j = 395 - -4. Let x = j - 240. List the prime factors of x.
3, 53
Let i(j) = -4*j**3 - 94*j**2 - 47*j - 33. Let b be i(-23). Let l(a) = 14*a**2 + 33*a - 50. What are the prime factors of l(b)?
2, 3, 5, 17
Let x = -844 - -344. Let h = -44 - x. Suppose w - 4*b - h = -w, -5*b = 0. What are the prime factors of w?
2, 3, 19
List the prime factors of (10309 - -9) + (-392)/28.
2, 7, 23
Suppose 0 = 2*f - 13600 + 2878. List the prime factors of f.
3, 1787
Suppose 0 = 8*m + 4*m - 40560. Suppose 2*q + 8*q - m = 0. What are the prime factors of q?
2, 13
Let h = 3950 + -1908. What are the prime factors of h?
2, 1021
Let s be (11 + 192/(-20))*(5 - 0). Let k(y) = 3*y**3 - 8*y**2 + 6*y - 42. What are the prime factors of k(s)?
7, 13
Suppose 95 = -2*i - v, 3*i + 4*v = i - 110. Let t be (-1)/((-2)/57)*120/i. List the prime factors of -2 - -1 - (-4 + 5)*t.
3, 5
Suppose -20*y + 500 = -24*y. Let p = y + 327. Suppose 2*k = k + u + p, -5*k = -4*u - 1012. List the prime factors of k.
2, 3, 17
Suppose -3*v + 0*v - 4*m - 38 = 0, 2*m = v - 4. Let a be (-45)/v*20/(-25). Let r(p) = -8*p - 8. What are the prime factors of r(a)?
2, 5
Let g(n) = 8*n**2 - 6*n + 22. Let a be g(-9). Suppose -3*m + 5*h + 417 = h, 3*h = -5*m + a. Let t = m - 14. List the prime factors of t.
3, 43
Suppose -3*m = -5*l + 18048 - 74969, 0 = -5*m - 3*l + 94925. List the prime factors of m.
2, 9491
Suppose -5*n - 23388 = -5*i - 2063, 4*n = i - 4253. List the prime factors of i.
3, 1423
Let d be (-2 - 555)*-4*1 - -4. What are the prime factors of d*((-20)/6 + 4)?
2, 3, 31
Let y = -418 - -834. Suppose -i = -2*i - p - 137, 2*i = -4*p - 282. Let o = i + y. List the prime factors of o.
283
Suppose 7*i - i + 516 = 0. Let v = i - -420. List the prime factors of v.
2, 167
Suppose -2*s + 26 = -3*g, -s = -2*g - 1 - 12. Let k(d) = 12*d + 24. Let y(p) = 13*p + 29. Let n(b) = 7*k(b) - 6*y(b). List the prime factors of n(s).
2, 3
Let q(j) = 12*j + 2. Suppose 3*w = 3*b + 36, -5*w - 22 + 102 = 5*b. Suppose 7*g = w*g - 14. List the prime factors of q(g).
2, 13
Let d be ((-4)/3)/((-2)/(3066 + 0)). Suppose d = -14*s + 18*s. Suppose -46 = 5*k - s. List the prime factors of k.
3, 31
Let p = 43 + -36. Let c = 41 - p. Suppose -2*h + 0*h = -c. List the prime factors of h.
17
Let y(h) = -61*h**3 + 10*h**2 + 59*h - 24. List the prime factors of y(-4).
2, 3, 317
Let m = 125 - 807. Let 